{"id":1108,"date":"2024-06-22T22:52:15","date_gmt":"2024-06-22T20:52:15","guid":{"rendered":"https:\/\/www.vychoska.sk\/?post_type=product&#038;p=1108"},"modified":"2025-09-07T14:12:40","modified_gmt":"2025-09-07T12:12:40","slug":"diar-pre-vychosku-2024-2025","status":"publish","type":"product","link":"https:\/\/www.vychoska.sk\/index.php\/product\/diar-pre-vychosku-2024-2025\/","title":{"rendered":"Di\u00e1r pre Vycho\u0161ku 2024\/2025"},"content":{"rendered":"<p><strong>Nov\u00fd \u0161kolsk\u00fd rok 2024\/2025 s Di\u00e1rom pre Vycho\u0161ku!<\/strong><\/p>\n<p><em>&#8220;Od vycho\u0161ky pre vycho\u0161ku&#8221;<\/em><\/p>\n<p>Mil\u00e9 kolegynky (ale aj t\u00ed, ktor\u00ed chcete pote\u0161i\u0165 svoje priate\u013eky, kamar\u00e1tky \u010di kolegyne), po mimoriadne \u00faspe\u0161nom minulom ro\u010dn\u00edku di\u00e1ra, ktor\u00fd sa kompletne vypredal som silno povzbuden\u00e1 do druh\u00e9ho ro\u010dn\u00edka m\u00f4jho\/n\u00e1\u0161ho di\u00e1ra. Priv\u00edtajte nov\u00fd \u0161kolsk\u00fd rok s <em><strong>Di\u00e1rom pre Vycho\u0161ku<\/strong><\/em>, navrhnut\u00e9ho \u0161peci\u00e1lne pre v\u00e1s!<\/p>\n<h3>Vlastnosti Di\u00e1ra pre Vycho\u0161ky (v\u0161etko, \u010do potrebujete pre \u00faspe\u0161n\u00fd \u0161kolsk\u00fd rok):<\/h3>\n<ul>\n<li><strong>Praktick\u00e9 zoznamy:<\/strong> Zaznamen\u00e1vajte si deti, kontakty, kr\u00fa\u017eky, zastupovania \u010di vtipn\u00e9 hl\u00e1\u0161ky det\u00ed.<\/li>\n<li><strong>Str\u00e1nky pre ka\u017ed\u00fd de\u0148:<\/strong> Vytv\u00e1rajte si denn\u00e9 z\u00e1znamy o svojich dojmoch, sk\u00fasenostiach a n\u00e1padoch. Ka\u017ed\u00e1 str\u00e1nka je priestorom na vyjadrenie va\u0161ich z\u00e1\u017eitkov.<\/li>\n<li><strong>Reflexia a zdie\u013eanie:<\/strong> Otvoren\u00e9 ot\u00e1zky a priestor na pozn\u00e1mky v\u00e1m pom\u00f4\u017eu s hlbokou reflexiou a zdie\u013ean\u00edm va\u0161ich sk\u00fasenost\u00ed. Zachy\u0165te si my\u0161lienky, zauj\u00edmav\u00e9 konverz\u00e1cie s de\u0165mi a sledujte pokrok va\u0161ich zverencov.<\/li>\n<li><strong>Tvoriv\u00e9 \u00falohy a aktivity:<\/strong> Podporte kreativitu, t\u00edmov\u00fa pr\u00e1cu a rozvoj d\u00f4le\u017eit\u00fdch zru\u010dnost\u00ed u det\u00ed s pomocou in\u0161pirat\u00edvnych \u00faloh a aktiv\u00edt &#8220;Tip od vycho\u0161ky&#8221;.<\/li>\n<li><strong>Povzbudiv\u00e9 hl\u00e1\u0161ky:<\/strong> Nechajte sa motivova\u0165 a povzbudi\u0165 in\u0161pirat\u00edvnymi hl\u00e1\u0161kami, ktor\u00e9 v\u00e1m pom\u00f4\u017eu prekona\u0165 n\u00e1ro\u010dn\u00e9 momenty a premeni\u0165 ka\u017ed\u00fd de\u0148 na \u00faspe\u0161n\u00fd.<\/li>\n<\/ul>\n<p>Celkov\u00fd dizajn di\u00e1ra je laden\u00fd do povzbudzuj\u00facich farieb, ktor\u00e9 odr\u00e1\u017eaj\u00fa atmosf\u00e9ru priate\u013eskej a podpornej n\u00e1lady. <em><strong>Di\u00e1r pre Vycho\u0161ky<\/strong><\/em> je viac ne\u017e len oby\u010dajn\u00fd di\u00e1r &#8211; je to sprievodca, n\u00e1stroj a pam\u00e4tn\u00edk, ktor\u00fd pom\u00e1ha vychov\u00e1vate\u013ek\u00e1m budova\u0165 siln\u00e9 vz\u0165ahy s de\u0165mi, rozv\u00edja\u0165 ich kreativitu a nap\u013a\u0148a\u0165 ka\u017ed\u00fd de\u0148 zmyslupln\u00fdmi aktivitami v ich spolo\u010dnom putovan\u00ed.<\/p>\n<h3>Praktick\u00fd aj elegantn\u00fd:<\/h3>\n<p>Di\u00e1r je v <strong>pevnej \u0161itej v\u00e4zbe s lacetkou<\/strong> (zakladacia \u0161n\u00farka), minul\u00fd ro\u010dn\u00edk mal <strong>184 str\u00e1n<\/strong>\u00a0a aj ke\u010f tento ro\u010dn\u00edk e\u0161te nie je definit\u00edvne dokon\u010den\u00fd (aj preto potrebujeme aj Va\u0161u podporu), u\u017e dnes vieme, \u017ee tento bude ma\u0165 e\u0161te o nieko\u013eko str\u00e1n viac. Je vo <strong>farbenom preveden\u00ed<\/strong>, ve\u013ekos\u0165 <strong>A5<\/strong>, obsahuje <strong>odkladaciu ob\u00e1lku<\/strong> aj <strong>gumi\u010dku<\/strong>, aby sa di\u00e1r neotv\u00e1ral.<\/p>\n<p>Tento rok bude v znamen\u00ed dvoch dizajnov ob\u00e1lky a z\u00e1rove\u0148 s dvomi n\u00e1zvami &#8211; Di\u00e1r pre Vycho\u0161ku \/ Di\u00e1r pre vychov\u00e1vate\u013eku, z ktor\u00fdch si m\u00f4\u017eete vybra\u0165, ktor\u00fd sa V\u00e1m najviac p\u00e1\u010di.<\/p>\n<p><em><strong>Di\u00e1r pre Vycho\u0161ku<\/strong><\/em>\u00a0je viac ne\u017e len oby\u010dajn\u00fd z\u00e1pisn\u00edk. Je to v\u00e1\u0161 vern\u00fd spolo\u010dn\u00edk, ktor\u00fd v\u00e1m pom\u00f4\u017ee u\u013eah\u010di\u0165 pr\u00e1cu s de\u0165mi, rozvin\u00fa\u0165 va\u0161e pedagogick\u00e9 zru\u010dnosti a premeni\u0165 ka\u017ed\u00fd de\u0148 na in\u0161pirat\u00edvnu cestu pln\u00fa u\u010denia, rastu a radosti.<\/p>\n<p><strong>Upozornenie:<\/strong> Verzia &#8220;pre vychov\u00e1vate\u013eky&#8221; je len dizajn ob\u00e1lky. Vo vn\u00fatri di\u00e1ra sa u\u017e vyskytuje produktov\u00e9 ozna\u010denie &#8220;Di\u00e1r pre Vycho\u0161ku&#8221;<\/p>\n","protected":false},"excerpt":{"rendered":"<p>Di\u00e1r pre Vycho\u0161ku 2024\/2025<\/p>\n","protected":false},"featured_media":1136,"template":"","meta":[],"product_brand":[],"product_cat":[16],"product_tag":[20,21,22],"class_list":{"0":"post-1108","1":"product","2":"type-product","3":"status-publish","4":"has-post-thumbnail","6":"product_cat-vychoska","7":"product_tag-diar","8":"product_tag-skolsky-rok","9":"product_tag-vychoska","10":"product_shipping_class-stredne-tazke","12":"first","13":"outofstock","14":"taxable","15":"shipping-taxable","16":"purchasable","17":"product-type-variable"},"_links":{"self":[{"href":"https:\/\/www.vychoska.sk\/index.php\/wp-json\/wp\/v2\/product\/1108","targetHints":{"allow":["GET"]}}],"collection":[{"href":"https:\/\/www.vychoska.sk\/index.php\/wp-json\/wp\/v2\/product"}],"about":[{"href":"https:\/\/www.vychoska.sk\/index.php\/wp-json\/wp\/v2\/types\/product"}],"wp:featuredmedia":[{"embeddable":true,"href":"https:\/\/www.vychoska.sk\/index.php\/wp-json\/wp\/v2\/media\/1136"}],"wp:attachment":[{"href":"https:\/\/www.vychoska.sk\/index.php\/wp-json\/wp\/v2\/media?parent=1108"}],"wp:term":[{"taxonomy":"product_brand","embeddable":true,"href":"https:\/\/www.vychoska.sk\/index.php\/wp-json\/wp\/v2\/product_brand?post=1108"},{"taxonomy":"product_cat","embeddable":true,"href":"https:\/\/www.vychoska.sk\/index.php\/wp-json\/wp\/v2\/product_cat?post=1108"},{"taxonomy":"product_tag","embeddable":true,"href":"https:\/\/www.vychoska.sk\/index.php\/wp-json\/wp\/v2\/product_tag?post=1108"}],"curies":[{"name":"wp","href":"https:\/\/api.w.org\/{rel}","templated":true}]}}