{"id":1511,"date":"2024-09-18T19:20:26","date_gmt":"2024-09-18T17:20:26","guid":{"rendered":"https:\/\/www.vychoska.sk\/?post_type=product&#038;p=1511"},"modified":"2025-02-23T20:20:46","modified_gmt":"2025-02-23T19:20:46","slug":"malovanka-europsky-tyzden-mobility","status":"publish","type":"product","link":"https:\/\/www.vychoska.sk\/index.php\/product\/malovanka-europsky-tyzden-mobility\/","title":{"rendered":"Ma\u013eovanka &#8211; Eur\u00f3psky t\u00fd\u017ede\u0148 mobility"},"content":{"rendered":"<div class=\"xdj266r x11i5rnm xat24cr x1mh8g0r x1vvkbs x126k92a\">\n<div dir=\"auto\">Eur\u00f3psky t\u00fd\u017ede\u0148 mobility<\/div>\n<div dir=\"auto\">Vyfarbite si spolo\u010dne s de\u0165mi.<\/div>\n<div dir=\"auto\">S\u00fabor je vo form\u00e1te PDF vo ve\u013ekosti A4 (12 listov)<\/div>\n<\/div>\n","protected":false},"excerpt":{"rendered":"<p>Eur\u00f3psky t\u00fd\u017ede\u0148 mobility Vyfarbite si spolo\u010dne s de\u0165mi. S\u00fabor je vo form\u00e1te PDF vo ve\u013ekosti A4 (12 listov)<\/p>\n","protected":false},"featured_media":1513,"template":"","meta":[],"product_brand":[],"product_cat":[24,29],"product_tag":[],"class_list":{"0":"post-1511","1":"product","2":"type-product","3":"status-publish","4":"has-post-thumbnail","6":"product_cat-malovanky","7":"product_cat-vynimocne-dni","9":"first","10":"instock","11":"downloadable","12":"virtual","13":"taxable","14":"purchasable","15":"product-type-simple"},"_links":{"self":[{"href":"https:\/\/www.vychoska.sk\/index.php\/wp-json\/wp\/v2\/product\/1511","targetHints":{"allow":["GET"]}}],"collection":[{"href":"https:\/\/www.vychoska.sk\/index.php\/wp-json\/wp\/v2\/product"}],"about":[{"href":"https:\/\/www.vychoska.sk\/index.php\/wp-json\/wp\/v2\/types\/product"}],"wp:featuredmedia":[{"embeddable":true,"href":"https:\/\/www.vychoska.sk\/index.php\/wp-json\/wp\/v2\/media\/1513"}],"wp:attachment":[{"href":"https:\/\/www.vychoska.sk\/index.php\/wp-json\/wp\/v2\/media?parent=1511"}],"wp:term":[{"taxonomy":"product_brand","embeddable":true,"href":"https:\/\/www.vychoska.sk\/index.php\/wp-json\/wp\/v2\/product_brand?post=1511"},{"taxonomy":"product_cat","embeddable":true,"href":"https:\/\/www.vychoska.sk\/index.php\/wp-json\/wp\/v2\/product_cat?post=1511"},{"taxonomy":"product_tag","embeddable":true,"href":"https:\/\/www.vychoska.sk\/index.php\/wp-json\/wp\/v2\/product_tag?post=1511"}],"curies":[{"name":"wp","href":"https:\/\/api.w.org\/{rel}","templated":true}]}}