{"id":52,"date":"2023-07-07T20:40:48","date_gmt":"2023-07-07T18:40:48","guid":{"rendered":"https:\/\/www.vychoska.sk\/?post_type=product&#038;p=52"},"modified":"2024-09-02T21:57:19","modified_gmt":"2024-09-02T19:57:19","slug":"napocitam-do-troch","status":"publish","type":"product","link":"https:\/\/www.vychoska.sk\/index.php\/product\/napocitam-do-troch\/","title":{"rendered":"Napo\u010d\u00edtam do troch"},"content":{"rendered":"<p>D\u00e1mske tri\u010dko s digit\u00e1lnou potla\u010dou &#8220;NAPO\u010c\u00cdTAM DO TROCH&#8230;&#8221; vo jednofarebnom preveden\u00ed.<\/p>\n","protected":false},"excerpt":{"rendered":"<p>D\u00e1mske tri\u010dko s digit\u00e1lnou potla\u010dou &#8220;NAPO\u010c\u00cdTAM DO TROCH&#8230;&#8221; vo jednofarebnom preveden\u00ed.<\/p>\n","protected":false},"featured_media":20,"template":"","meta":[],"product_brand":[],"product_cat":[19],"product_tag":[],"class_list":{"0":"post-52","1":"product","2":"type-product","3":"status-publish","4":"has-post-thumbnail","6":"product_cat-vychoska-merch","7":"product_shipping_class-lahke","9":"first","10":"instock","11":"taxable","12":"shipping-taxable","13":"purchasable","14":"product-type-variable"},"_links":{"self":[{"href":"https:\/\/www.vychoska.sk\/index.php\/wp-json\/wp\/v2\/product\/52","targetHints":{"allow":["GET"]}}],"collection":[{"href":"https:\/\/www.vychoska.sk\/index.php\/wp-json\/wp\/v2\/product"}],"about":[{"href":"https:\/\/www.vychoska.sk\/index.php\/wp-json\/wp\/v2\/types\/product"}],"wp:featuredmedia":[{"embeddable":true,"href":"https:\/\/www.vychoska.sk\/index.php\/wp-json\/wp\/v2\/media\/20"}],"wp:attachment":[{"href":"https:\/\/www.vychoska.sk\/index.php\/wp-json\/wp\/v2\/media?parent=52"}],"wp:term":[{"taxonomy":"product_brand","embeddable":true,"href":"https:\/\/www.vychoska.sk\/index.php\/wp-json\/wp\/v2\/product_brand?post=52"},{"taxonomy":"product_cat","embeddable":true,"href":"https:\/\/www.vychoska.sk\/index.php\/wp-json\/wp\/v2\/product_cat?post=52"},{"taxonomy":"product_tag","embeddable":true,"href":"https:\/\/www.vychoska.sk\/index.php\/wp-json\/wp\/v2\/product_tag?post=52"}],"curies":[{"name":"wp","href":"https:\/\/api.w.org\/{rel}","templated":true}]}}