{"id":784,"date":"2024-02-20T15:07:03","date_gmt":"2024-02-20T14:07:03","guid":{"rendered":"https:\/\/www.vychoska.sk\/?post_type=product&#038;p=784"},"modified":"2025-12-24T11:27:43","modified_gmt":"2025-12-24T10:27:43","slug":"bavlnena-eko-taska","status":"publish","type":"product","link":"https:\/\/www.vychoska.sk\/index.php\/product\/bavlnena-eko-taska\/","title":{"rendered":"Bavlnen\u00e1 eko ta\u0161ka"},"content":{"rendered":"<div>\ud83c\udf3f Bavlnen\u00e1 ekologick\u00e1 ta\u0161ka pre &#8220;Vycho\u0161ku&#8221; \ud83c\udf3f<\/div>\n<div><\/div>\n<div>Mil\u00e9 kolegynky, predstavujem V\u00e1m moju bavlnen\u00fa ekologick\u00fa ta\u0161ku, ktor\u00e1 je nielen parktick\u00e1, ale aj oh\u013eadupln\u00e1 k na\u0161ej plan\u00e9te.<\/div>\n<div><\/div>\n<div>\ud83c\udf81 Dar\u010dek s l\u00e1skou pre v\u00e1s: Pote\u0161te sam\u00fa seba alebo svoju kolegynku nie\u010d\u00edm mil\u00fdm a z\u00e1rove\u0148 praktick\u00fdm.<\/div>\n<div><\/div>\n<div>\ud83d\udecd\ufe0f \u0160t\u00fdlov\u00e1 a fuk\u010dn\u00e1: Moja bavlnen\u00e1 ekologick\u00e1 ta\u0161ka je skvel\u00fdm pomocn\u00edkom pri nosen\u00ed u\u010debn\u00fdch pom\u00f4cok a drobnosti, ktor\u00e9 si nos\u00edme so sebou do pr\u00e1ce.<\/div>\n<div><\/div>\n<div>\u2b50\ufe0f Vysok\u00e1 kvalita: Vyroben\u00e1 je z recyklovanej bavlny, ktor\u00e1 V\u00e1m poskytne spo\u013eahliv\u00fd a trval\u00fd produkt, na ktor\u00fd sa m\u00f4\u017eete spo\u013eahn\u00fa\u0165.<\/div>\n<div><\/div>\n<div>\u27a1\ufe0f Objednajte si ju e\u0161te dnes!<\/div>\n","protected":false},"excerpt":{"rendered":"<p>\ud83c\udf3f Bavlnen\u00e1 ekologick\u00e1 ta\u0161ka pre &#8220;Vycho\u0161ku&#8221; \ud83c\udf3f Mil\u00e9 kolegynky, predstavujem V\u00e1m moju bavlnen\u00fa ekologick\u00fa ta\u0161ku, ktor\u00e1 je nielen parktick\u00e1, ale aj oh\u013eadupln\u00e1 k na\u0161ej plan\u00e9te. \ud83c\udf81 Dar\u010dek s l\u00e1skou pre v\u00e1s: Pote\u0161te sam\u00fa seba alebo svoju kolegynku nie\u010d\u00edm mil\u00fdm a z\u00e1rove\u0148 praktick\u00fdm. \ud83d\udecd\ufe0f \u0160t\u00fdlov\u00e1 a fuk\u010dn\u00e1: Moja bavlnen\u00e1 ekologick\u00e1 ta\u0161ka je skvel\u00fdm pomocn\u00edkom pri nosen\u00ed [&hellip;]<\/p>\n","protected":false},"featured_media":794,"template":"","meta":[],"product_brand":[],"product_cat":[19],"product_tag":[],"class_list":{"0":"post-784","1":"product","2":"type-product","3":"status-publish","4":"has-post-thumbnail","6":"product_cat-vychoska-merch","7":"product_shipping_class-lahke","9":"first","10":"instock","11":"taxable","12":"shipping-taxable","13":"purchasable","14":"product-type-variable","15":"has-default-attributes"},"_links":{"self":[{"href":"https:\/\/www.vychoska.sk\/index.php\/wp-json\/wp\/v2\/product\/784","targetHints":{"allow":["GET"]}}],"collection":[{"href":"https:\/\/www.vychoska.sk\/index.php\/wp-json\/wp\/v2\/product"}],"about":[{"href":"https:\/\/www.vychoska.sk\/index.php\/wp-json\/wp\/v2\/types\/product"}],"wp:featuredmedia":[{"embeddable":true,"href":"https:\/\/www.vychoska.sk\/index.php\/wp-json\/wp\/v2\/media\/794"}],"wp:attachment":[{"href":"https:\/\/www.vychoska.sk\/index.php\/wp-json\/wp\/v2\/media?parent=784"}],"wp:term":[{"taxonomy":"product_brand","embeddable":true,"href":"https:\/\/www.vychoska.sk\/index.php\/wp-json\/wp\/v2\/product_brand?post=784"},{"taxonomy":"product_cat","embeddable":true,"href":"https:\/\/www.vychoska.sk\/index.php\/wp-json\/wp\/v2\/product_cat?post=784"},{"taxonomy":"product_tag","embeddable":true,"href":"https:\/\/www.vychoska.sk\/index.php\/wp-json\/wp\/v2\/product_tag?post=784"}],"curies":[{"name":"wp","href":"https:\/\/api.w.org\/{rel}","templated":true}]}}