{"id":950,"date":"2024-03-31T15:11:15","date_gmt":"2024-03-31T13:11:15","guid":{"rendered":"https:\/\/www.vychoska.sk\/?post_type=product&#038;p=950"},"modified":"2025-06-02T05:57:06","modified_gmt":"2025-06-02T03:57:06","slug":"laskave-vety","status":"publish","type":"product","link":"https:\/\/www.vychoska.sk\/index.php\/product\/laskave-vety\/","title":{"rendered":"L\u00e1skav\u00e9 vety"},"content":{"rendered":"<div class=\"\" dir=\"auto\">\n<div id=\":r2m5:\" class=\"x1iorvi4 x1pi30zi x1l90r2v x1swvt13\" data-ad-comet-preview=\"message\" data-ad-preview=\"message\">\n<div class=\"x78zum5 xdt5ytf xz62fqu x16ldp7u\">\n<div class=\"xu06os2 x1ok221b\">\n<div class=\"xdj266r x11i5rnm xat24cr x1mh8g0r x1vvkbs x126k92a\">\n<div dir=\"auto\">\n<div dir=\"auto\">\n<p>L\u00c1SKAV\u00c9 VETY \ud83e\udd70\u2764\ufe0f\ud83d\udc67\ud83d\udc66<\/p>\n<p>\ud83d\ude07L\u00e1skav\u00e9 vety &#8220;plag\u00e1ty&#8221; s\u00fa skvel\u00fdm doplnkom do Va\u0161ej triedy, preto\u017ee m\u00f4\u017eu deti in\u0161pirova\u0165 a povzbudi\u0165 k l\u00e1skavosti a pozit\u00edvnemu mysleniu.<br \/>\n\ud83d\udcccS\u00fabor je vo form\u00e1te PDF (obsahuje 14 listov A4)<\/p>\n<\/div>\n<\/div>\n<\/div>\n<\/div>\n<\/div>\n<\/div>\n<\/div>\n","protected":false},"excerpt":{"rendered":"<p>L\u00c1SKAV\u00c9 VETY \ud83e\udd70\u2764\ufe0f\ud83d\udc67\ud83d\udc66 \ud83d\ude07L\u00e1skav\u00e9 vety &#8220;plag\u00e1ty&#8221; s\u00fa skvel\u00fdm doplnkom do Va\u0161ej triedy, preto\u017ee m\u00f4\u017eu deti in\u0161pirova\u0165 a povzbudi\u0165 k l\u00e1skavosti a pozit\u00edvnemu mysleniu. \ud83d\udcccS\u00fabor je vo form\u00e1te PDF (obsahuje 14 listov A4)<\/p>\n","protected":false},"featured_media":951,"template":"","meta":[],"product_brand":[],"product_cat":[25,17],"product_tag":[],"class_list":{"0":"post-950","1":"product","2":"type-product","3":"status-publish","4":"has-post-thumbnail","6":"product_cat-hry","7":"product_cat-sviatky","9":"first","10":"instock","11":"downloadable","12":"virtual","13":"taxable","14":"purchasable","15":"product-type-simple"},"_links":{"self":[{"href":"https:\/\/www.vychoska.sk\/index.php\/wp-json\/wp\/v2\/product\/950","targetHints":{"allow":["GET"]}}],"collection":[{"href":"https:\/\/www.vychoska.sk\/index.php\/wp-json\/wp\/v2\/product"}],"about":[{"href":"https:\/\/www.vychoska.sk\/index.php\/wp-json\/wp\/v2\/types\/product"}],"wp:featuredmedia":[{"embeddable":true,"href":"https:\/\/www.vychoska.sk\/index.php\/wp-json\/wp\/v2\/media\/951"}],"wp:attachment":[{"href":"https:\/\/www.vychoska.sk\/index.php\/wp-json\/wp\/v2\/media?parent=950"}],"wp:term":[{"taxonomy":"product_brand","embeddable":true,"href":"https:\/\/www.vychoska.sk\/index.php\/wp-json\/wp\/v2\/product_brand?post=950"},{"taxonomy":"product_cat","embeddable":true,"href":"https:\/\/www.vychoska.sk\/index.php\/wp-json\/wp\/v2\/product_cat?post=950"},{"taxonomy":"product_tag","embeddable":true,"href":"https:\/\/www.vychoska.sk\/index.php\/wp-json\/wp\/v2\/product_tag?post=950"}],"curies":[{"name":"wp","href":"https:\/\/api.w.org\/{rel}","templated":true}]}}